 digit of 59*((-2)/(-5) + 9/x)?
5
Let m(h) = -68*h**3 - 8*h**2 - 120*h - 714. What is the tens digit of m(-6)?
0
Suppose 0 = 2*s - z - 3960 - 9696, 3*z - 6 = 0. What is the thousands digit of s?
6
Let c = -2441 + 1148. Let z = 238 - c. What is the units digit of z?
1
Suppose -3*d = -5*l - 5005, 4*d - 25*l - 6650 = -30*l. What is the hundreds digit of d?
6
Suppose -6*q = 18 + 6. Let b(f) = 28*f**3 + 3*f**2 + f - 7. Let x be b(q). What is the units digit of 2/4 + x/(-18)?
8
Suppose -94*q + 411403 + 347741 = 0. What is the thousands digit of q?
8
Suppose 112 = 4*z + 5*c, 5*z - 4*c - 30 = 110. Suppose 0 = -33*u + z*u + 8965. Suppose -4*k = -15*k + u. What is the tens digit of k?
6
Let r be ((-24)/(-32))/((-2)/(-1528)) + 6. Let m = 149 + r. What is the hundreds digit of m?
7
Let m = -143 - -149. Suppose 3*t = -5*u + 27, 0*u - 4*t + 22 = 2*u. Let g = m + u. What is the units digit of g?
9
Suppose -2*b + 4 = 0, 5*y + 23 = -4*b + 101. Suppose -3*n = y*n - 3859. What is the units digit of n?
7
Let o(i) be the first derivative of -11*i**3/2 - 11*i**2 - 25*i - 3. Let v(a) be the first derivative of o(a). What is the units digit of v(-4)?
0
Suppose -55*p - 1560 = -15*p. What is the tens digit of p/26*(1 - (-8013)/(-9))?
3
Let w = -447 - -449. Suppose w*i = -s - 2 + 6, -7 = i + 5*s. What is the units digit of i?
3
Suppose 5*x + 289 = 3*j, -x + 2*x = 2*j - 55. Let s(f) = 4*f**2 - 7*f - 3. Let a be s(-4). Let n = x + a. What is the units digit of n?
0
Let z be (-4)/(-6) - 14/(-6). Let w(f) = 33*f - 16. Let k(q) = 104*q - 50. Let j(o) = -2*k(o) + 7*w(o). What is the units digit of j(z)?
7
Suppose 147*k - 1003142 + 493216 - 1158230 = 0. What is the hundreds digit of k?
3
Let o(m) = 3*m**2 + 17*m + 4. Let h be o(-8). Suppose 4*v = 2*w + h, -3*v + 2 = -3*w - 49. Suppose 0 = 15*q - v*q - 148. What is the tens digit of q?
7
Let d = 19837 - 15381. What is the thousands digit of d?
4
Let w = 7015 + 6960. What is the hundreds digit of w?
9
Let h(n) be the first derivative of -89*n**2/2 - 163*n - 109. What is the tens digit of h(-6)?
7
Let o be ((-5)/(-15))/(1/6282). What is the tens digit of o/2*(0 - (-9)/27)?
4
Let o(h) = 3*h**2 - 48*h - 126. Let a be o(-40). Suppose -5*k + 7*b - 9*b = -8249, 4*k - a = b. What is the tens digit of k?
4
Suppose -1807*k = -1829*k + 150348. What is the hundreds digit of k?
8
Let x(o) = 2. Let v(a) = 47*a - 16. Let s(k) = -3*v(k) + 6*x(k). What is the tens digit of s(-4)?
2
Let v(b) = -b**3 + 21*b**2 + 3*b - 13. Let a = 387 - 368. What is the hundreds digit of v(a)?
7
Let m(b) = -4*b**2 - b + 3. Let q(z) = 3*z**2 + z - 2. Let n(s) = -4*m(s) - 5*q(s). Let j be n(-2). What is the units digit of (6 - j)*(10/(-4))/(-1)?
5
Let t(w) = 11743*w**2 - 55*w + 2. What is the thousands digit of t(1)?
1
Let n(p) = 1115*p - 9437. What is the units digit of n(21)?
8
Let w be 0 + 15 - (18/6 + -3). Let u = 29 - 8. Suppose -6*x = -w - u. What is the units digit of x?
6
Suppose 5*b - 40 = -5*p, -b - 4*p + 7 = -2*b. Suppose 2*t = -t + b*r + 1037, -3*t = 4*r - 1055. Suppose t = 4*u - 727. What is the hundreds digit of u?
2
What is the units digit of ((-2)/(-16))/((-129)/(-5462376))?
3
Suppose -214*o + 32984 = -81*o. What is the units digit of o?
8
Let g = 820 - -222. Suppose 0 = -3*i - 5*d + g, 4*d - 1728 = -7*i + 2*i. Suppose 12*p - i = 10*p. What is the units digit of p?
2
What is the thousands digit of (-112858)/(-22) - 2808/(-2574)?
5
Let q(v) = -79*v + 22. Let p be q(-2). Suppose y = -0*c - 4*c + 138, -5*c = 5*y - p. What is the units digit of c?
4
Let d = 111 + -107. Suppose 5*l = -d - 21. What is the hundreds digit of (-88)/(3/(-30) - (-2)/l)?
1
Let x = 16887 - 10842. What is the thousands digit of x?
6
Suppose -19792 = -5*y + 2*p, -961 = 2*y + 2*p - 8889. What is the tens digit of y?
6
Let n(l) = l**3 + 7*l**2 + 3*l + 64. Let p be n(-8). Let g(z) = z**2 - 27*z + 74. What is the hundreds digit of g(p)?
2
Suppose 33*v - 1084059 = 9*v + v. What is the ten thousands digit of v?
4
What is the tens digit of 6/(-11) - (-13 - 3374226/198)?
5
Suppose 33*h - 5*h = 509236. What is the tens digit of h?
8
Let d be 3*((-26)/13 + (-1)/3). Let w = 17 - d. What is the tens digit of ((-256)/w)/((-4)/66)?
7
Suppose 0 = -33*q + 38*q - 20. Suppose -488 = -2*n - 0*b - 5*b, -3*n = -q*b - 778. Let h = -159 + n. What is the tens digit of h?
9
Suppose -64*v - 108800 = -98*v. What is the units digit of v?
0
Suppose -51*q - 32920 + 59460 = -161854. What is the tens digit of q?
9
Suppose 0 = g - 5*r - 45, -2*g + 5*r = 2*g - 180. Suppose -s + 43 = -g. Suppose 5*a = -2*y + 172, 3*y - 2*y = -3*a + s. What is the units digit of y?
6
What is the units digit of ((11*-2)/((-6)/3))/(72/106200)?
5
Let l(t) be the third derivative of t**5/60 - t**4/6 + 2*t**3/3 + 2*t**2. Suppose 5*f = -k + 13 - 1, 2*f - 23 = -3*k. What is the tens digit of l(k)?
2
Let q = -153195 + 223046. What is the thousands digit of q?
9
Let y(d) = -d**3 - 9*d**2 - 14*d + 9. Suppose 0 = 7*m - 16*m + 18. Suppose -m*i - o - 45 = 3*i, -25 = 2*i - o. What is the hundreds digit of y(i)?
2
Suppose 0 = -3*z - 6*z + 6696. Suppose 5*q - 4*q + 4*u - 397 = 0, 2*u + z = 2*q. What is the units digit of q?
7
Suppose 0 = -29*z + 75709 + 291750. Suppose -20*x = -19049 - z. What is the hundreds digit of x?
5
Let z = 95 + -88. Suppose -14*r + z*r + 2919 = 0. Let l = -228 + r. What is the tens digit of l?
8
Let c(t) = -2*t**2 + 3*t + 217. Let s(r) = -4*r - 8. Let y be s(-2). What is the units digit of c(y)?
7
Let q be 1*10/55 + 210/55. Suppose -q*v - 3*h = 2*h - 608, -4*v = -4*h - 572. What is the units digit of v?
7
Suppose 9*o - 4029 = 8*o + 5*j, -3*o + j = -12031. What is the hundreds digit of o?
0
Let z = 86943 - 38621. What is the hundreds digit of z?
3
Let w(o) = 8*o**2 - 19*o - 12. Let c be w(3). Suppose -4*h + 2892 = 4*k, -5*h + c*k + 1207 = -2376. What is the hundreds digit of h?
7
Let d(v) be the second derivative of 89*v**4/12 + 4*v**3/3 + 9*v**2/2 - 12*v + 4. What is the tens digit of d(-1)?
9
Suppose -d + 2*n = -0*n + 81, -5*n = -d - 90. Let q = -31 - d. What is the units digit of q?
4
Suppose -m = -4*h - 38582, 13*m - 11*m = 4*h + 77148. What is the ten thousands digit of m?
3
Let t = 954 + 1848. What is the tens digit of t?
0
Suppose 29*f = 32*f - 72. Let w be (5/4)/(1/f). Suppose 11*c - 9*c - w = 0. What is the tens digit of c?
1
Let m be (8/20)/((-9)/(-7110)). Suppose 3*h - 4*j = 727, 2*j + 905 + m = 5*h. What is the tens digit of h?
4
Suppose -750 + 210 = 10*p. Let o = 232 - p. What is the tens digit of o?
8
Let a(u) = u**3 + 10*u**2 + 21*u - 16. Let m be a(-7). Let o(r) = -r**3 - 17*r**2 - 21*r + 12. What is the units digit of o(m)?
2
Suppose 207*n = 439*n - 4894504. What is the ten thousands digit of n?
2
Suppose -5*n - 2*y - 136 = 0, 0 = 2*n + 4*y - 9 + 73. Let p = 171 - n. What is the tens digit of p?
9
Let c(f) = 23*f**2 - 69*f + 4. Let p be c(3). Suppose 0 = -3*s - p*j + 3937, 3939 = 3*s - j + 4*j. What is the thousands digit of s?
1
Let j(n) = -1. Let v(p) = -p**3 + p**2 + p + 320. Let q(c) = 6*j(c) + v(c). Let l be q(0). Let i = -221 + l. What is the tens digit of i?
9
Let h(l) be the first derivative of l**4/4 - 7*l**3 + 10*l**2 + 85*l + 112. What is the hundreds digit of h(22)?
0
Let y(p) = -16*p + 15*p + 8 - 4*p**2 - 31*p. Let j be y(-8). Suppose 390 = j*o + 2*o. What is the tens digit of o?
3
Suppose -148452 = -5*s - 422*d + 418*d, 5*d = 3*s - 89012. What is the thousands digit of s?
9
Let m(q) = -q**3 + 47*q**2 - 29*q - 111. What is the units digit of m(30)?
9
Suppose 0 = 4*t - 13793 - 14627. What is the thousands digit of t?
7
Let t(u) = -403*u - 7. Let m be t(2). Let l = 1957 + m. Suppose l = 4*s - c, 3*c = 2*s - 2*c - 590. What is the hundreds digit of s?
2
Suppose 58*a - 356520 = 18*a. What is the hundreds digit of a?
9
Let t = 951 - 644. Suppose f = -0*f + t. Let d = -204 + f. What is the tens digit of d?
0
Suppose -2156784 = -237*k - 767016. What is the hundreds digit of k?
8
Let s = -12 + 15. Let l be (20/s)/(12/90). What is the tens digit of (l + 4)*(-1)/(-3)?
1
Let j(x) be the second derivative of -x**4/12 - 7*x**3/6 - 4*x**2 - 17*x. Let a be j(-4). Suppose a*p - 64 = 252. What is the units digit of p?
9
Let g(n) = n**2 - 6*n - 7. Let k be g(9). Suppose -3*b + k = 2. What is the units digit o